f 253777180 and 10?
10
What is the highest common factor of 847 and 11585497?
77
Calculate the highest common factor of 139 and 217432557.
139
What is the greatest common factor of 70130841 and 69?
69
What is the highest common factor of 14766 and 167660547?
7383
Calculate the greatest common divisor of 74 and 82680422.
74
What is the greatest common factor of 282812332 and 1808?
452
Calculate the highest common divisor of 112816 and 140096.
176
Calculate the greatest common factor of 74290 and 66891590.
4370
What is the greatest common factor of 744 and 103783908?
372
Calculate the highest common divisor of 4693 and 24688638.
247
What is the greatest common divisor of 918 and 2399193?
459
Calculate the highest common divisor of 18480649 and 5291.
407
What is the greatest common divisor of 1305 and 8295740?
145
Calculate the greatest common divisor of 50695 and 255.
5
Calculate the highest common divisor of 5870390 and 575390.
3530
Calculate the greatest common divisor of 6984 and 68904.
72
What is the greatest common divisor of 1298 and 174966?
22
What is the greatest common factor of 285885 and 720?
45
What is the greatest common divisor of 3185 and 7675213?
637
Calculate the greatest common divisor of 4 and 454278588.
4
What is the greatest common divisor of 290833875 and 13770?
2295
What is the greatest common factor of 89850405 and 120?
15
Calculate the highest common factor of 630 and 38895381.
63
Calculate the highest common factor of 18 and 8394579.
9
What is the highest common factor of 13509 and 1954539?
711
What is the highest common divisor of 381632 and 12115744?
2144
What is the greatest common factor of 102 and 74732646?
102
What is the highest common factor of 22689 and 44775?
9
Calculate the greatest common divisor of 24855884 and 6304.
788
Calculate the highest common factor of 14237 and 142462.
23
Calculate the highest common divisor of 62445 and 67505.
115
Calculate the highest common factor of 4268438 and 129.
43
Calculate the greatest common divisor of 4372755 and 475.
95
Calculate the greatest common divisor of 3659432 and 566125.
4529
Calculate the highest common factor of 20 and 9956460.
20
Calculate the highest common divisor of 54 and 4073463.
27
Calculate the highest common divisor of 69641 and 13637461.
487
What is the greatest common factor of 5426348 and 2124?
236
Calculate the highest common divisor of 1302587 and 1287.
143
Calculate the highest common divisor of 96 and 5906568.
24
What is the highest common divisor of 110 and 30361665?
5
Calculate the highest common divisor of 532646 and 95630.
262
Calculate the greatest common divisor of 57 and 3935691.
3
What is the greatest common factor of 7533 and 1855164?
93
Calculate the greatest common divisor of 880175 and 2403450.
2725
What is the greatest common divisor of 33274925 and 725?
25
What is the greatest common divisor of 529576 and 3320?
8
What is the greatest common factor of 124268 and 534108?
188
Calculate the highest common factor of 994 and 603571.
71
Calculate the highest common factor of 20585 and 200.
5
Calculate the highest common divisor of 1173 and 22508.
17
What is the highest common factor of 21207 and 12912?
3
What is the highest common factor of 156 and 39677079?
39
What is the greatest common divisor of 55 and 142296935?
55
What is the highest common divisor of 43809012 and 13?
13
Calculate the greatest common factor of 780 and 281730.
30
What is the greatest common factor of 45158 and 397660?
674
What is the highest common divisor of 34165539 and 747?
747
What is the greatest common factor of 390420 and 55430?
2410
Calculate the highest common divisor of 3468 and 12509943.
867
Calculate the greatest common divisor of 666 and 1644369318.
666
Calculate the greatest common divisor of 794 and 10591166.
794
What is the greatest common factor of 147 and 294666?
3
What is the highest common divisor of 110662333 and 1?
1
What is the greatest common factor of 1547097 and 258?
129
What is the highest common divisor of 5152 and 288883?
7
What is the greatest common divisor of 514842 and 18285?
159
Calculate the greatest common divisor of 179857125 and 270.
135
What is the greatest common factor of 261229428 and 108?
108
Calculate the highest common divisor of 8534440 and 160.
40
What is the greatest common factor of 5663798 and 14?
14
Calculate the greatest common divisor of 28712 and 217240.
8
Calculate the greatest common divisor of 39191712 and 672.
672
Calculate the highest common divisor of 3360 and 844185.
15
What is the highest common divisor of 2596 and 24077428?
236
Calculate the highest common factor of 43534052 and 8.
4
What is the highest common divisor of 11987244 and 867?
51
What is the greatest common divisor of 14801 and 79294?
41
What is the highest common factor of 13177945 and 1310?
655
Calculate the greatest common factor of 33033 and 429195228.
2541
What is the highest common factor of 63 and 4571553?
21
What is the greatest common factor of 592 and 2807560?
296
Calculate the greatest common factor of 128304 and 137016.
792
What is the highest common factor of 1740 and 4011420?
60
Calculate the greatest common factor of 598969 and 7749.
287
Calculate the highest common factor of 84660 and 23572.
332
Calculate the highest common factor of 7764 and 639018608.
2588
Calculate the greatest common divisor of 403430 and 120.
10
Calculate the greatest common divisor of 464 and 135968588.
116
What is the highest common factor of 55494 and 3546?
18
What is the greatest common divisor of 188 and 6528441?
47
What is the highest common divisor of 11190501 and 2268?
189
What is the highest common divisor of 48 and 409236024?
24
What is the highest common divisor of 1107 and 31670491?
41
What is the highest common divisor of 7 and 129872?
1
Calculate the greatest common factor of 33422 and 34816.
34
Calculate the highest common divisor of 5589 and 476523.
243
What is the greatest common divisor of 270 and 6992410?
10
Calculate the highest common factor of 513 and 400011237.
513
Calculate the highest common divisor of 800 and 129720.
40
Calculate the highest common divisor of 837942 and 294.
42
Calculate the greatest common factor of 606963504 and 2672.
2672
Calculate the highest common divisor of 103920 and 6000.
240
Calculate the greatest common divisor of 10722116 and 12188.
1108
Calculate the highest common divisor of 3175660 and 2135.
305
Calculate the greatest common divisor of 885385 and 6555.
115
Calculate the highest common divisor of 1489 and 38127.
1
What is the greatest common factor of 11871 and 23661541?
1319
What is the highest common factor of 17297823 and 51?
51
Calculate the highest common factor of 7572796 and 111188.
308
Calculate the highest common factor of 204 and 292587.
51
What is the highest common factor of 3195 and 2352150?
45
What is the highest common factor of 61294 and 62795?
19
What is the highest common factor of 517440 and 10824?
264
What is the greatest common factor of 358622 and 3014?
22
Calculate the greatest common factor of 3487903 and 118.
59
Calculate the greatest common divisor of 7802891 and 127225.
727
What is the greatest common factor of 26860813 and 133?
133
What is the highest common divisor of 81004 and 187572?
308
Calculate the greatest common factor of 12300 and 66453900.
300
What is the highest common factor of 385231 and 83083?
77
Calculate the greatest common divisor of 1107 and 4175973.
369
Calculate the highest common factor of 148548088 and 332.
332
Calculate the greatest common factor of 11012 and 1089962254.
5506
Calculate the highest common factor of 316920460 and 2890.
170
Calculate the greatest common factor of 4060 and 99380.
20
Calculate the greatest common factor of 3346 and 1116836.
14
Calculate the highest common factor of 602291424 and 2471.
2471
Calculate the highest common factor of 155 and 3543769960.
155
Calculate the greatest common divisor of 18029974 and 1349.
19
Calculate the highest common factor of 5445 and 1291002240.
1815
What is the highest common factor of 10112 and 31902412?
316
What is the greatest common factor of 13086472 and 112?
56
What is the greatest common divisor of 3306943632 and 816?
816
What is the greatest common divisor of 11260425 and 61050?
